Determine y(-11).
77
Let k(f) = -f**3 + 23*f**2 + 471*f - 67. What is k(36)?
41
Let t(x) = 45*x + 190. Give t(-4).
10
Let y(p) = -2*p**3 - 189*p**2 - 93*p + 173. Determine y(-94).
79
Let g(l) = -l**3 - 81*l**2 + 350*l - 11. Determine g(4).
29
Let y(i) = -2*i**2 + 77*i - 520. What is y(7)?
-79
Let n(j) = 10*j**2 - 8*j + 41. Give n(4).
169
Let p(w) = -50*w - 2209. Determine p(-44).
-9
Let z(x) = x**2 - 8. Give z(-2).
-4
Let c(r) = -609*r - 4261. Determine c(-7).
2
Let v(i) = i**2 + 176*i - 536. Calculate v(3).
1
Let w(r) = 3*r**2 + 97*r - 123. Calculate w(-33).
-57
Let b(n) = 1713*n + 85644. What is b(-50)?
-6
Let r(l) = -5*l + 325. What is r(33)?
160
Let w(f) = -114*f + 12183. Give w(107).
-15
Let u(z) = z**3 + 16*z**2 - 36*z + 15. What is u(-18)?
15
Let f(j) = 9*j**3 - 151*j**2 - 21*j - 20. Give f(17).
201
Let h(n) = -n**2 - 19*n + 694. Determine h(18).
28
Let a(l) = 20*l + 29. Give a(-2).
-11
Let z(m) = -33*m - 110. What is z(-3)?
-11
Let n(m) = 9*m**2 - 160*m + 446. Determine n(14).
-30
Let v(o) = -22*o**2 - 1627*o + 70. Determine v(-74).
-4
Let i(d) = -4*d**3 + d**2 + 11*d - 1. What is i(-4)?
227
Let h(i) = i**2 + 47*i + 434. Give h(-34).
-8
Let f(l) = -3*l**2 + 660*l + 12855. Give f(-18).
3
Let u(h) = h**2 - 47*h + 37. What is u(46)?
-9
Let q(n) = -37*n - 573. Calculate q(0).
-573
Let f(g) = g**3 + g**2 - 11*g + 5. Give f(4).
41
Let j(c) = 2*c**3 + 9*c**2 - 93*c - 71. What is j(-9)?
37
Let q(p) = -3*p**2 - 2*p + 50. Give q(0).
50
Let k(q) = -q**3 + 13*q - 127. What is k(7)?
-379
Let s(z) = 4*z**2 + 297*z - 325. What is s(-75)?
-100
Let l(s) = -s**3 + 16*s**2 - 23*s + 47. Calculate l(13).
255
Let g(n) = -n**3 - 2*n**2 + 25*n + 1. Determine g(-5).
-49
Let n(k) = -k**3 + 6*k**2 - 15*k + 37. Calculate n(5).
-13
Let c(g) = -2*g**3 - 48*g**2 - 4*g - 83. What is c(-24)?
13
Let k(o) = o**3 - 37*o**2 - 48*o + 14. Give k(38).
-366
Let z(x) = -3*x**2 - 176*x + 217. Determine z(-60).
-23
Let o(r) = -r**3 - 15*r**2 - 17*r - 61. What is o(-14)?
-19
Let j(c) = c**3 - 350*c**2 - 1422*c - 2. Determine j(-4).
22
Let m(u) = -u**3 + 5*u**2 + 93*u + 76. Calculate m(-7).
13
Let a(v) = -390*v - 352. Give a(0).
-352
Let c(u) = u**3 + 8*u**2 - u - 5. Give c(-5).
75
Let v(s) = -5*s**2 - 178*s - 113. Determine v(-35).
-8
Let f(l) = -27*l + 28. What is f(1)?
1
Let g(b) = -b**2 - 95*b + 1162. What is g(11)?
-4
Let c(t) = 2*t**3 - 68*t**2 - 166*t - 19. Determine c(36).
-811
Let z(r) = -52*r + 2508. Give z(48).
12
Let u(y) = -2*y**3 - 6*y**2 + 24*y + 107. Give u(-5).
87
Let t(h) = -3*h**3 + 17*h**2 + 26*h + 13. What is t(7)?
-1
Let h(t) = -t**3 + 12*t**2 - 15*t + 381. What is h(12)?
201
Let x(f) = 2*f**3 - 5*f**2 + 128*f - 355. Calculate x(3).
38
Let d(v) = 9*v**2 + 386*v - 33. Give d(-43).
10
Let n(i) = -i**3 + 10*i**2 - 15*i - 3. What is n(9)?
-57
Let x(u) = 160*u + 1172. Calculate x(-7).
52
Let z(y) = y - 49. Give z(5).
-44
Let p(o) = -o**3 + o**2 + 38*o - 31. Determine p(-6).
-7
Let p(o) = -11*o**2 - 81. What is p(-6)?
-477
Let b(h) = h**3 + 230*h**2 - 461*h + 717. What is b(-232)?
21
Let m(d) = 14*d - 51. Determine m(3).
-9
Let a(u) = 7*u**3 + 52*u**2 + 62*u - 5. What is a(-6)?
-17
Let x(g) = 6104*g - 12214. Calculate x(2).
-6
Let a(i) = 8*i**2 - 50*i + 52. Calculate a(1).
10
Let g(b) = 2*b**3 + 26*b**2 + 379*b + 4976. Calculate g(-13).
49
Let u(i) = i**3 - 18*i**2 + 12*i + 114. Calculate u(16).
-206
Let l(q) = 2*q**3 - 60*q**2 + 105*q - 52. Calculate l(28).
-248
Let h(q) = -42*q - 483. Give h(-11).
-21
Let q(b) = -3*b**2 + 35*b + 883. Calculate q(24).
-5
Let x(p) = 2*p**2 - 107*p - 700. What is x(60)?
80
Let g(p) = 3*p**2 - 115*p - 1008. Calculate g(45).
-108
Let v(m) = -11*m**2 + 105*m + 56. Calculate v(10).
6
Let k(z) = z**2 + 11*z. What is k(0)?
0
Let t(q) = 195*q - 2234. Calculate t(10).
-284
Let p(q) = q**2 - 5*q - 693. Calculate p(29).
3
Let i(m) = -151*m - 531. Determine i(-4).
73
Let o(t) = -24*t + 299. Give o(12).
11
Let m(q) = q**2 - 153*q - 4474. What is m(-25)?
-24
Let t(k) = 27*k - 225. What is t(12)?
99
Let p(a) = -1673*a + 1793. Determine p(1).
120
Let g(m) = -13*m - 140. What is g(-11)?
3
Let w(q) = 1045*q + 7293. Determine w(-7).
-22
Let u(n) = n**3 + 9*n**2 + n + 123. Determine u(-8).
179
Let t(p) = -250*p - 7910. Give t(-32).
90
Let i(x) = 5*x**3 + 12*x**2 + 24*x + 98. What is i(-3)?
-1
Let z(u) = 28*u + 75. Calculate z(-2).
19
Let y(n) = -26*n + 315. Determine y(12).
3
Let t(a) = 5*a**2 - 15*a - 32. Determine t(-3).
58
Let g(n) = n**3 - 282*n**2 + 1117*n - 1397. Give g(278).
-7
Let b(m) = 4*m**2 - 123*m + 207. What is b(29)?
4
Let s(i) = -2*i**2 + 77*i - 48. What is s(35)?
197
Let z(u) = -17*u**3 + 5*u - 4. What is z(1)?
-16
Let w(x) = x**3 + 43*x**2 + 133*x + 525. Calculate w(-40).
5
Let w(z) = -1961*z + 94. Give w(0).
94
Let x(d) = 3*d**2 + 193*d + 332. Determine x(-63).
80
Let k(i) = 5717*i - 91469. What is k(16)?
3
Let m(x) = 4*x**2 - 10*x + 14. What is m(8)?
190
Let i(u) = -u**3 + 5*u**2 + 21*u - 3. Calculate i(0).
-3
Let f(w) = -137*w - 14803. What is f(-108)?
-7
Let r(j) = -2*j**2 + 583*j + 44. Calculate r(0).
44
Let b(x) = -x**2 - 2*x + 73. Calculate b(7).
10
Let g(w) = 6*w + 57. Give g(-9).
3
Let r(s) = s**3 - 65*s**2 - 65*s - 67. Determine r(66).
-1
Let v(j) = 2*j**3 - 61*j**2 - 311*j + 5. What is v(35)?
145
Let i(o) = 822*o + 8194. Determine i(-10).
-26
Let b(x) = -3*x**2 - 51*x - 73. Determine b(-16).
-25
Let j(t) = -3*t**2 - 89*t - 180. Determine j(-27).
36
Let c(l) = -l**3 - 9*l**2 + 25*l + 2. Calculate c(6).
-388
Let m(z) = -2*z**3 + 108*z**2 + 103*z + 240. Give m(55).
-145
Let b(c) = 1688*c - 28698. What is b(17)?
-2
Let l(f) = -f**2 - 100*f - 1154. Give l(-87).
-23
Let u(r) = r**2 - 42*r - 3139. Calculate u(81).
20
Let a(v) = -6*v**2 - 349*v + 227. What is a(-59)?
-68
Let u(b) = -3*b**3 + 19*b**2 + 275*b - 1689. Determine u(6).
-3
Let c(u) = u**3 + 49*u**2 + 572*u + 44. Determine c(-19).
6
Let a(n) = 226*n + 262. What is a(-1)?
36
Let c(l) = -l**2 - 11362*l - 45435. What is c(-4)?
-3
Let r(k) = -25*k - 390. What is r(-16)?
10
Let c(u) = u**3 - 10*u**2 - 2*u + 98. Give c(10).
78
Let z(t) = -t**3 + 28*t**2 + 12. Give z(28).
12
Let t(j) = 2*j**2 - 1113*j + 8774. Give t(8).
-2
Let h(u) = 56*u + 273. Give h(-5).
-7
Let t(n) = n**3 + 16*n**2 - 21*n + 44. Give t(-17).
112
Let s(a) = 883*a - 24714. Determine s(28).
10
Let q(m) = 55*m**2 + 7*m + 18. Calculate q(-2).
224
Let c(m) = -263*m**2 + 5768*m + 400. Determine c(22).
4
Let j(d) = d**3 + 52*d**2 - 58*d - 98. Calculate j(-53).
167
Let c(s) = s**2 + 409*s + 37662. Calculate c(-140).
2
Let l(p) = p**3 - 25*p**2 + 6*p + 44. Determine l(25).
194
Let f(r) = 273*r - 4359. What is f(15)?
-264
Let n(a) = -a**3 + 20*a**2 - 5*a + 120. Give n(20).
20
Let d(j) = 3*j**2 + 4*j - 356. Calculate d(-13).
99
Let b(n) = n**2 - 995*n + 4968. What is b(5)?
18
Let k(j) = 17*j**3 + 9*j**2 - 7*j + 2. Give k(1).
21
Let v(p) = -2*p**2 + 43*p - 226. Give v(25).
-401
Let a(y) = -y**3 + 29*y**2 - 32*y - 4. Calculate a(28).
-116
Let k(r) = -r**3 + 67*r**2 - 63*r - 226. Give k(66).
-28
Let n(o) = o**2 + 173*o + 516. What is n(-3)?
6
Let r(f) = -f**3 - 9*f**2 + 34*f + 319. What is r(-11)?
187
Let m(d) = 1058*d + 9531. What is m(-9)?
9
Let m(b) = 42461*b - 42453. Give m(1).
8
Let a(j) = 44*j - 37. What is a(2)?
51
Let t(c) = c**2 - 1396*c + 5570. Give t(4).
2
Let x(p) = 8452*p + 42254. Give x(-5).
-6
Let v(h) = 3*h**2 + 12*h + 55. Determine v(-6).
91
Let g(b) = -4*b**3 - 29*b**2 - 30*b + 52. Give g(-2).
28
Let x(w) = 66*w**2 - 3*w - 2. Determine x(-1).
67
Let q(z) = -1162*z - 12785. What is q(-11)?
-3
Let v(k) = 24*k - 41. Calculate v(4).
55
Let l(k) = -12*k**2 + 5*k - 1. Calculate l(-2).
-59
Let t(l) = l**2 - 14*l + 218. Give t(16).
250
Let j(m) = m**2 + 5*m - 167. Determine j(-16).
9
Let b(f) = 22*f + 545. Calculate b(-25).
-5
Let u(v) = v - 232. Determine u(-34).
-266
Let y(x) = -1200*x - 1176. Give y(-1).
24
Let h(v) = -16*v - 137. Give h(-7).
-25
Let j(h) = -2*h**2 + 895*h - 2672. Give j(3).
-5
Let y(c) = -c**3 - 29*c**2 + 92*c - 103. Determine y(-32).
25
Let j(i) = -10*i**2 - 7*i - 7. Give j(-2).
-33
Let d(v) = -v**3 - 100*v**2 + 120*v + 1902. Give d(-101).
-17
Let p(n) = -377*n + 140. What is p(1)?
-237
Let t(g) = -16*g**3 + 41*g**2 + 7*g + 10. What is t(3)?
-32
Let j(x) = -44*x**2 + 2*x + 10. What is j